 = k + 6. Let z be j(-2). Suppose 0 = -z*f + 139 + 249. What are the prime factors of f?
97
Let y be ((-588)/(-9))/((-1)/3). Let d(f) = 2*f**3 - 7*f**2 + 6. Let o be d(3). List the prime factors of o/(-2)*y/(-3).
2, 7
Let l(y) = -y**3 - 74*y**2 - 96*y - 189. List the prime factors of l(-74).
3, 5, 461
Let s(w) = -6*w**2 - 2*w - 15. Let r(y) = 7*y**2 + y + 15. Let j(u) = -4*r(u) - 5*s(u). List the prime factors of j(11).
17, 19
Let l = -15903 - -24119. What are the prime factors of l?
2, 13, 79
Let m be (44/(-55))/(1/(-5)). Suppose -10 = 4*y + 2*d, -4*y + m + 1 = -d. Suppose -2*i - c + 410 = 0, 2*c - 8 = -y*c. List the prime factors of i.
7, 29
Let h be ((1 - 2) + 6 + -4)*159. List the prime factors of (65932/h)/(4/9).
3, 311
Let y(w) = -122*w**3 + 3*w**2 - 4*w - 15. Suppose -27*s + 12 = -33*s. What are the prime factors of y(s)?
3, 109
Let p = 22634 - 10528. What are the prime factors of p?
2, 6053
Let o(h) = 43*h**2 - 29*h + 215. What are the prime factors of o(15)?
5, 31, 61
Let m(t) = -17*t - 36. Let s be (-68)/(-16)*(10 + -2)/2. Let r = s - 32. List the prime factors of m(r).
3, 73
Let m(z) = -389*z + 11. Suppose 15 = 5*s + 25. What are the prime factors of m(s)?
3, 263
Let z be 1 + -3 - (-5)/1. Suppose 2095 = z*c - 3*b + 589, -3*b + 3 = 0. List the prime factors of c.
503
Let s(m) = 33*m**3 + 5*m**2 - 53*m + 22. List the prime factors of s(9).
24007
Suppose -344 - 336 = -4*q. Suppose 4*k = -2*z - 166, 359 = -36*z + 31*z + 4*k. Let a = z + q. List the prime factors of a.
5, 19
What are the prime factors of (-255 - (-1 + 4))*2/((-68)/221)?
3, 13, 43
Let f be (-4282770)/(-165) + (-4)/22. Suppose 27*r = -15*r + f. What are the prime factors of r?
2, 3, 103
Let t(k) = 991*k + 1526. List the prime factors of t(22).
2, 3
Let j = -1889 + 1151. List the prime factors of j/3*(-7)/21.
2, 41
Let c = -2046 + 3057. Suppose 3*p - c = 672. List the prime factors of p.
3, 11, 17
Suppose 55*k - 49*k = 7878. Let r = -576 + k. List the prime factors of r.
11, 67
Let v = 100 + -182. Let b(i) = i**3 - 11*i**2 - 13*i - 15. Let z be b(12). Let y = z - v. List the prime factors of y.
5, 11
Suppose 442 = 7*v + 498. What are the prime factors of 914/(v/48*-4)?
3, 457
Suppose -2*p = 2*b, 8*b = 4*b - 2*p. Suppose b = -9*a - 5*a + 12*a. Suppose 2*s + 4 = a, -c + s - 4*s = -132. List the prime factors of c.
2, 3, 23
Let r(h) = 1044*h**3 + 7*h**2 - 11*h + 3. What are the prime factors of r(2)?
3, 929
Suppose n - 5*u - 1279 = 0, 3*n + 5*u - u - 3856 = 0. List the prime factors of (3*n/18)/(4/6).
3, 107
Suppose 107 = 5*f + 5*b - 6138, -4*b = 24. What are the prime factors of f?
5, 251
Let r(q) = 4*q**3 - 7*q**2 - 16*q + 24. Let s(p) = 5*p**3 - 6*p**2 - 17*p + 25. Let a(l) = 6*r(l) - 5*s(l). List the prime factors of a(-13).
331
Suppose -2*x - 3 + 11 = 0. Suppose x*d = 3*o - 1, 5*d - o - 5 = 2. Suppose 58 - 260 = -d*g. What are the prime factors of g?
101
Suppose -5*l + 6*l - 1 = 0. Let n(v) = -7*v + 2. Let o be n(1). List the prime factors of (168/(-30))/(l - (-6)/o).
2, 7
What are the prime factors of 6195 + 11/(-8)*-8?
2, 29, 107
Let p = -53 + 807. Let y = p - 416. What are the prime factors of y?
2, 13
Suppose 2*l - l - 1 = 0, 0 = 2*c + 2*l - 2. Suppose -15 = -r + 4*n, -3*r + 17 = -c*r + 2*n. Suppose 0 = -5*s + r*s - 324. List the prime factors of s.
2, 3
Let p = 64 + -64. Suppose p = 8*f - 16*f + 24. Suppose -f*u + 334 + 29 = 0. List the prime factors of u.
11
Let n be 90/5*2/3. Let s be 0/((-8)/n*3). Suppose -x = 2*w - 29, s = 2*x - 0*x + 2*w - 50. What are the prime factors of x?
3, 7
Suppose r + 3 + 5 = 0. Let o be r/14 + ((-744)/(-28) - -1). Suppose -2*u + 235 = o. List the prime factors of u.
2, 13
Let w(t) = 2*t**2 + 9*t + 7. Let r be w(-1). Suppose r = -29*x + 28*x + 1055. List the prime factors of x.
5, 211
Suppose 10*h + 26 + 34 = 0. Let q = 2 - h. List the prime factors of 9139/52 + 2/q.
2, 11
Suppose -5*v - 5 = 5*g - 7*v, 0 = -2*g - v - 11. List the prime factors of (-889)/g - ((-6)/(-18) - 0).
2, 37
Let s = -2419 + 1714. Let n = -415 - s. List the prime factors of n.
2, 5, 29
Suppose 16*s = 10*s - 10902. List the prime factors of -2 + s/(-5) + (-4)/10.
19
Suppose -14610 + 45316 = 27*b - 92144. List the prime factors of b.
2, 5, 7, 13
Suppose 0*g = -g - 5*m + 325, -337 = -g + m. Suppose 269 = y + l - 75, g = y + 4*l. List the prime factors of y.
347
List the prime factors of (-8 + 165/22)*(3 + (-52918)/2).
2, 3307
Let h = 70 + -66. Suppose h*x - 1007 - 573 = 0. List the prime factors of x.
5, 79
Suppose -z + 6 = -5*i - 14, 5*z - 71 = -4*i. Suppose -4*v - 3*b = -v - 6*b - 18, 0 = 4*b. List the prime factors of (36/15)/(v/z).
2, 3
Let z(j) = j**2 + 21*j + 48. Let g be z(-22). Let l(n) = 69*n - 45 + 2*n**2 - 136*n + g*n. List the prime factors of l(-7).
2
Suppose -279*i - 307211 - 128905 = -6474234. What are the prime factors of i?
2, 3, 3607
Let y be 9/(-3) - -245 - 3. Let o = y - 140. Let v = o + -24. List the prime factors of v.
3, 5
Suppose -438*l - 2978976 = -562*l. List the prime factors of l.
2, 3, 7, 11, 13
Let n(x) = -2*x**2 - 29*x - 43. Let i be n(-13). List the prime factors of (-4716)/(24/i) + -3.
3, 29
Suppose 30*l - 29841 = 100419. What are the prime factors of l?
2, 13, 167
Let o = -12755 - -20142. What are the prime factors of o?
83, 89
Let g(w) = 3*w**2 + 47*w + 102. Let v be g(-29). Let s = v - 702. List the prime factors of s.
2, 5, 7
Suppose -5*j - 4856 = -n + 20096, 2*j - 49832 = -2*n. What are the prime factors of n?
2, 17, 733
What are the prime factors of -13 + (-17)/(136/(-1552))?
181
Suppose 5*m - 162 - 263 = -i, -5*i = -m + 59. What are the prime factors of 79272/m + (-5)/((-140)/8)?
2, 59
Let s(q) = 907*q**2 + 5*q + 70. List the prime factors of s(-5).
2, 5, 71
Let b(k) = k**2 + 8*k + 16. Let t be b(-4). Suppose -h + 4*r + t*r + 616 = 0, 0 = -h - 4*r + 632. List the prime factors of h.
2, 3, 13
Let j(z) = -z**3 - 15*z**2 - 16*z + 9. Let v be (-8)/(-60)*(2 - 37)*3. Let f be j(v). Suppose -s = 3*c - 5*c + f, 91 = 5*c - 4*s. List the prime factors of c.
19
Suppose -9*k + 14 = 77. Let p(h) = h**2 + 9*h - 14. Let t be p(k). Let o = t - -176. What are the prime factors of o?
2, 37
Suppose -39*u + 200 = -19*u. Let p(j) = j**3 + 2*j**2 + 7*j + 21. What are the prime factors of p(u)?
1291
Suppose y - 3*a + 472 - 1499 = 0, 3*y - 2*a = 3081. Suppose -4*b = 5*p - y, 5*b - 4*p = -0*p + 1335. What are the prime factors of b?
263
Let p = 1757 + -1125. Let o = p - -521. Suppose -10*z + o + 507 = 0. List the prime factors of z.
2, 83
Suppose 0 = 3*w - 18, 5336 = -23*h + 25*h - 7*w. List the prime factors of h.
2689
Let x be (-6)/27 + (-5520)/(-54). Suppose -105*q = -x*q - 1182. What are the prime factors of q?
2, 197
Suppose 3*s - 5*d = 994, 5*d - 1710 = s - 6*s. Let f = 992 - s. List the prime factors of f.
2, 3, 109
Suppose w + w - 6 = 0. List the prime factors of (19/w)/((-33)/(-495)).
5, 19
Suppose -5*j = 5*v - 15265, -7*v + 3*v + 12210 = 5*j. List the prime factors of v.
5, 13, 47
Suppose -8*l + 2*h - 3766 = -10*l, 0 = -2*l - h + 3768. List the prime factors of l.
5, 13, 29
Let s = 40 - 38. Suppose -s = -h + 3*z + 15, -17 = -h - 2*z. List the prime factors of h.
17
Let k(t) = -t**3 + 4*t**2 + 14*t + 2. Let i(v) = -12*v - 54. Suppose 0 = 3*q - c + 10, -12*q + 7*q = -5*c. Let s be i(q). List the prime factors of k(s).
2, 7
List the prime factors of -3 - (5 + 32/(-2) + -15576).
2, 487
Let p(k) = 12*k**2 + 233*k - 317. List the prime factors of p(-45).
2, 17, 397
Let t(v) = 12*v**2 - 1445*v - 101. What are the prime factors of t(145)?
2, 19, 1123
Let g(j) = -j**2 - 15*j + 95. Let q be g(-20). Let h(z) = 12*z**2 - z - 20. What are the prime factors of h(q)?
3, 5, 19
Let n(t) = -4*t**2 - 49*t + t**2 + 0*t**2 + 2*t**2 + 33. What are the prime factors of n(-47)?
127
Let f(b) = b**3 + 82*b**2 + 139*b + 362. What are the prime factors of f(-80)?
2, 1021
Let m be (100/15)/(6/(-765)). Let u = 1464 + m. What are the prime factors of u?
2, 307
Let h(i) = -i**3 + 18*i**2 - 15*i - 27. Let b be h(17). Suppose -5*n + 7044 = b*n. What are the prime factors of n?
587
Let y(m) = -32*m + 98. Let t be y(3). Suppose j = -3*c + 82 + 128, -148 = -t*c + 2*j. List the prime factors of c.
71
Let r = 1599 - -42177. What are the prime factors of r?
2, 3, 19
What are the